is the tens digit of g(-5)?
8
Let y(o) be the third derivative of -10*o**2 - 3/4*o**4 - 1/120*o**6 + 0*o + 0 + 0*o**3 - 7/60*o**5. What is the tens digit of y(-8)?
0
What is the units digit of (-1559364)/(-234) - (-2)/39?
4
Let i = -290 - -588. Suppose i = 2*g + 12*b - 13*b, 4*b = 2*g - 286. What is the tens digit of g?
5
Let q(i) = -18 - 39 + 15 + 8*i. Let a be q(8). What is the tens digit of 5/(-1) + a - 2?
1
Let w be 196/11 + 31/((-3751)/(-22)). Suppose -w*u + 1296 = -14*u - 4*i, 10 = -2*i. What is the tens digit of u?
1
Let c(r) = -5*r + 28. Suppose 2*y - 40 = -4*b + 136, -2*y - 146 = -3*b. Let k = 26 - b. What is the units digit of c(k)?
8
Let j be (29 - -1)/(5/20*6). Suppose j + 19 = m. What is the tens digit of m?
3
Let a(i) be the first derivative of -i**2/2 + 3*i + 7. Let u be a(0). Suppose 0 = -3*o + 21 - u. What is the units digit of o?
6
Let q be -8 - -6 - (-3 - -2)*9. Suppose 0 = -q*g + g + 684. Suppose 4*u - g = -3*m + 139, m = -5*u + 330. What is the tens digit of u?
6
Let g(j) = -771*j - 2637. What is the hundreds digit of g(-5)?
2
Suppose 0 = -108*v + 103*v + 390. Suppose 0 = -2*a - 3*w + 1214, -a - v = -2*w - 671. What is the tens digit of a?
0
Suppose 5*f = -3*t - 20, -4*f = -5*t - 5*f - 26. Let w(r) = -111*r - 139. What is the tens digit of w(t)?
1
Let l(t) = -2 - 7 - 7 + 15*t + 3. Let i be l(4). Suppose 6*y = i + 13. What is the tens digit of y?
1
Suppose 0 = -8*d + 14499 + 21525. What is the units digit of d?
3
Let n(o) be the first derivative of 25*o**2/2 - 5*o - 3. Suppose -3 - 69 = -8*a. What is the tens digit of n(a)?
2
Let j = 26 - 26. Suppose -2*z - 7*d = -2*d - 18, j = -5*z + d + 18. Suppose -3*y + 422 = 4*f, -2*f + z*y + 198 = -y. What is the units digit of f?
4
Let b(h) = 2*h - 2. Let z be b(2). What is the hundreds digit of (z/4)/((-71)/(-134474))?
9
Let z(q) = -3255*q**3 - 6*q**2 + 7*q. Let k be z(2). What is the units digit of (-2)/(-14) + k/(-175)?
9
Let a(u) = u**3 - 7*u**2 + 12*u - 8. Let r be a(5). Let b(w) = w**2 - w - 2. Let x be b(r). Suppose -6*h + 138 + 192 = x. What is the units digit of h?
5
Suppose 3*s = -4*c + 2*s + 1113, -2*c = -3*s - 567. Let d = c + -140. What is the units digit of d?
9
Let g be 24/108 + 0 - 44546/(-18). Let w = g - 949. What is the thousands digit of w?
1
Let d = -3328 - -3317. Suppose -2*f - 254 = 3*v, 2*f = -2*f + 20. What is the tens digit of (-18728)/v + (4/d)/(-2)?
1
Let c = -16 + 18. Suppose -c*w = -1382 - 128. What is the units digit of w?
5
Suppose 3*j + 209 = f, -5*f + 1 = -9. Let n = j - -246. What is the tens digit of n?
7
Let n(p) = -191*p**3 - p**2 - p - 1. Let m be n(-1). Suppose -a = -m - 147. What is the hundreds digit of a?
3
Suppose 2*o + 0*o - 12 = -4*a, -4*a = o - 14. Suppose -2*d + a*d - 857 = -5*b, 0 = -2*b - 3*d + 345. What is the tens digit of b?
7
Let n = -18726 - -29562. What is the units digit of n?
6
Suppose 8113*u - 151968 = 8101*u. What is the tens digit of u?
6
Let d(p) = -1444*p + 399. What is the hundreds digit of d(-4)?
1
Let w(p) = 5753*p - 868. What is the ten thousands digit of w(2)?
1
Let x = -4 + -54. Let t = x + 55. Let l(z) = -11*z - 5. What is the tens digit of l(t)?
2
Let r(z) = -2267*z - 10. Let s be r(-3). Let b = s + -3165. Suppose b - 394 = 16*m. What is the hundreds digit of m?
2
Let b = -157 - -139. What is the tens digit of 3/b*2*-879?
9
Let i(h) = -h**2 + 6*h - 5. Let f be i(3). Suppose -8*p = -3 + 3. Suppose 2*t + f = 3*y + 455, -3*t - y + 671 = p. What is the units digit of t?
4
Let k(z) = 2*z**2 + 39*z + 89. What is the tens digit of k(-34)?
7
What is the thousands digit of ((-9)/(-6)*12/(-27))/(59/(-1089966))?
2
Suppose 12*h = -3*h - 13*h + 158816. What is the units digit of h?
2
Suppose -5*k + 5 + 10 = 0, -4*j + 2629 = -5*k. What is the tens digit of j?
6
What is the ten thousands digit of ((-2621)/4)/(30/(-720))?
1
What is the thousands digit of (-24)/14*3925/(-25)*77?
0
Let v(p) = -5*p**3 + 39*p**2 - 58*p - 152. Let w(l) = -3*l**3 + 26*l**2 - 39*l - 102. Let s(a) = -5*v(a) + 8*w(a). What is the units digit of s(-12)?
2
Suppose 913*m = 953*m - 295760. What is the thousands digit of m?
7
Let n(g) = -g**3 + 15*g**2 - 18*g - 19. Let t be n(10). Let x = t - -284. What is the tens digit of x?
8
Suppose 0*k - 5*g - 7 = 2*k, -2*k - 1 = 3*g. Suppose 4*z = -2*n - 272 + 868, 0 = -z - k*n + 142. What is the units digit of z?
0
Let j(v) = 8*v - 28. Suppose 7*x = 2*x + 210. Suppose 6*o + 0*o - x = 0. What is the tens digit of j(o)?
2
Let i(h) = 757*h + 1259. What is the tens digit of i(4)?
8
Let f = -23 - -24. Suppose 3*n + 14 = -5*g + 42, g = 4*n + f. What is the units digit of g + -1 + 847/11?
1
Let m(f) = 9*f - 123. Let d be m(19). Let s(i) = 14*i + 82. What is the hundreds digit of s(d)?
7
Let b = 3554 - 457. Suppose 26*a = 7*a + b. What is the hundreds digit of a?
1
Let y(q) = 2*q + 12. Let h be y(-8). Let w be h/30*-3*5 + 0. Suppose -44 - 100 = -w*v. What is the tens digit of v?
7
Let a(u) = 26*u**2 - 5*u + 15. Let q = 243 + -248. What is the units digit of a(q)?
0
Suppose 134*u + 829653 - 2483908 - 644917 = 0. What is the units digit of u?
8
Let o be 35 + 3 + -2 - -1. Let y = -35 + o. Suppose y*l - 4*l = -2*j + 114, -3*l - 63 = -j. What is the units digit of j?
4
Let l(s) = 5*s**2 - 3*s - 10. Let u be l(3). What is the units digit of (54/13 - 4/u)*116?
4
Suppose 2*k - 80 = 186. Let x = -76 + k. Suppose -x - 89 = -2*c. What is the units digit of c?
3
Let a be 4*((-3)/(-1) + (-37734)/152). Let d = a - -1688. What is the units digit of d?
7
What is the hundreds digit of (-20)/45 + 944/(-18)*(-2117)/2?
5
Suppose 184782 = 11*i - 5*s, 153*s + 84034 = 5*i + 156*s. What is the tens digit of i?
0
Let x(l) = 8*l**2 - 42*l - 357. What is the units digit of x(-10)?
3
Suppose 18 = 2*a + 2, -2*r = 4*a - 137722. What is the ten thousands digit of r?
6
Suppose -17*k = 3*k + 2520. Let p = k - -354. What is the tens digit of p?
2
What is the units digit of (-1 - 1)*(-614398)/388?
7
Suppose 0 = l + 2*l + 147. Let q = -46 - l. Suppose 0 = 5*g + 2*s - 75, -q*s = -g + s - 7. What is the tens digit of g?
1
Let u(l) = -95*l - 11. Let p(t) = t**3 - 13*t**2 + 5*t - 67. Let q be p(13). What is the tens digit of u(q)?
7
Let x = -263 - -264. What is the tens digit of (x - 3)*(-325)/10?
6
Let x be (-3*(-4)/(-7))/((-4)/(-28)). Let r be x/8 - 30/(-4). What is the tens digit of (-1)/(r/(-14) - (-4)/10)?
3
Suppose 9*g = 30107 + 1924. What is the hundreds digit of g?
5
What is the ten thousands digit of 1252973/47 - 64/(-4)?
2
Suppose -42 = -5*n + i - 2*i, 18 = 3*n + 3*i. Suppose h - 158 = 3*s, n*s - 346 = -2*h + 5*s. What is the tens digit of h?
6
Let x be 1116 - -1 - (1 - -3). Let f = x - 645. What is the units digit of f?
8
Let b(c) = -186 + 70*c - 54*c + 16. What is the tens digit of b(26)?
4
Suppose 27*z - 4715264 = -306*z + 7*z. What is the thousands digit of z?
4
Let l = 43 - -193. Suppose 0 = 4*f + 5*i - 484, -2*f - 2*i + l = -i. Suppose 0 = -9*q + f + 163. What is the units digit of q?
1
Let m(s) = -5*s - s - s + 24 + 5*s. Let y be m(-10). Suppose -u + 3*u - y = 0. What is the tens digit of u?
2
Suppose 11*w + 28434 = 4*f + 8*w, 0 = -3*f - 2*w + 21300. What is the thousands digit of f?
7
Suppose 2*n + 11 + 1 = 0. Suppose -r + 28 = 4*h, -2*r + 27*h - 30*h = -71. What is the tens digit of n/10 - (-7104)/r?
7
Suppose -b + 11*m = 8*m - 13485, 4*m + 20 = 0. What is the hundreds digit of b?
4
Suppose 2*c = -4*m + 8, 3*m - 3*c = -2*c + 6. Suppose -1688 = -m*g - 616. What is the units digit of g?
6
Let x(q) be the first derivative of 125*q**3/3 + 4*q + 19. Let r be x(2). Suppose r = -10*p + 1444. What is the tens digit of p?
9
Suppose 0 = 3*k - 4*n - 137 - 498, -2*k = n - 416. Suppose 5*l = 5*a - 173 + 518, -3*l = -a - k. What is the tens digit of l?
7
Suppose 2*u - 4*u = c - 26381, 2*u + 3*c = 26379. What is the units digit of u?
1
Suppose -5*q - 13 = -8*l + 6*l, 0 = -q - l - 4. What is the hundreds digit of 1*(-2 - q) - -630?
6
Let r = 481 - 110. Let t = -831 - -1404. Let g = t - r. What is the tens digit of g?
0
Suppose 0 = -f - 3, m + 5*f - 24925 = -3603. What is the hundreds digit of m?
3
Suppose 3*x - 6 = x. Suppose -x*t + 2*l + 11 = 0, -l - 14 = -4*t + l. What is the tens digit of (-24)/(-72) + 152/t?
5
Let h(r) = -5*r**2 + 539*r + 356. What is the